
Let b(t) = 43*t - 1909. Give b(45).
26
Let o(a) = 12*a - 581. Determine o(48).
-5
Let c(s) = s**3 - 28*s**2 - 60*s + 67. Give c(30).
67
Let l(i) = 457*i - 5491. Calculate l(12).
-7
Let r(l) = 101*l**2 + 22*l + 48. Calculate r(-2).
408
Let a(r) = 10*r**2 + 629*r + 4. What is a(-63)?
67
Let x(c) = -66*c + 330. Determine x(5).
0
Let k(c) = c**2 - 3*c - 323. Give k(13).
-193
Let b(n) = -8*n**2 - 101*n + 200. What is b(2)?
-34
Let t(b) = 49*b + 57. Give t(0).
57
Let d(l) = -l**2 - 24*l + 882. Determine d(20).
2
Let y(t) = -5*t**2 + 16*t + 28. Calculate y(6).
-56
Let y(g) = -2*g**3 + 60*g**2 + 64*g - 10. Give y(31).
52
Let u(r) = -7*r + 93. Determine u(-18).
219
Let f(q) = 5*q**2 - 5*q + 3. Give f(-1).
13
Let t(o) = -2*o**3 - 109*o**2 - 53*o + 55. Calculate t(-54).
1
Let x(t) = -71*t + 496. Calculate x(12).
-356
Let b(h) = -h**3 - 12*h**2 - 21*h - 105. Determine b(-11).
5
Let h(n) = n**3 - 15*n**2 + 23*n - 4. Give h(13).
-43
Let y(m) = -24*m**3 - 23*m**2 - 14*m - 6. Give y(-1).
9
Let p(d) = -d**3 - 2*d**2 + 106*d + 478. What is p(-5)?
23
Let a(w) = w**3 - 23*w**2 - 68*w - 155. Give a(25).
-605
Let m(j) = 233*j + 13. Determine m(2).
479
Let b(f) = 341*f + 16027. Give b(-47).
0
Let t(o) = 42*o**3 - 8*o**2 + 6*o + 1. Determine t(1).
41
Let z(u) = u**2 + 190*u + 7525. What is z(-57)?
-56
Let l(x) = 525*x - 11552. What is l(22)?
-2
Let z(d) = -607*d - 683. Calculate z(-1).
-76
Let u(o) = -1205*o + 4820. Determine u(4).
0
Let y(a) = a**2 - 7*a - 1253. What is y(-32)?
-5
Let g(q) = q**3 + 24*q**2 + 98*q + 38. Calculate g(-19).
-19
Let z(h) = h**3 - 228*h**2 + 889*h + 1486. What is z(224)?
-82
Let n(r) = -r**3 + 13*r**2 - 20*r + 34. Give n(10).
134
Let q(k) = -k**3 - 8*k**2 - 2*k - 219. Determine q(-10).
1
Let d(s) = -3*s**2 - 74*s + 86. Give d(-26).
-18
Let i(o) = 251*o + 11025. Determine i(-44).
-19
Let v(s) = -1113*s - 3308. Calculate v(-3).
31
Let u(j) = 7*j**2 + 13*j + 71. What is u(-6)?
245
Let x(j) = 7*j + 210. Calculate x(2).
224
Let d(z) = -2*z**3 + 12*z**2 + 6*z - 6. What is d(6)?
30
Let o(u) = -u**3 - 24*u**2 - 56*u + 251. Give o(-21).
104
Let i(b) = 86*b - 38. Calculate i(1).
48
Let x(o) = 140*o**2 - 1396*o - 49. Give x(10).
-9
Let c(k) = 26*k - 960. Determine c(51).
366
Let y(b) = -4239*b - 16951. Give y(-4).
5
Let u(w) = w**3 + 20*w**2 + 5*w + 47. Give u(-20).
-53
Let m(q) = 645*q + 1933. Give m(-3).
-2
Let t(v) = 4257*v - 4251. What is t(1)?
6
Let c(u) = u**3 - 30*u**2 - 11*u + 1201. Calculate c(29).
41
Let h(c) = -c**2 + 54*c + 182. Give h(50).
382
Let c(i) = 3*i**2 - 2052*i + 4092. Give c(2).
0
Let w(o) = o**3 - 12*o**2 + 38*o - 5. What is w(8)?
43
Let s(l) = -l**3 + 6*l**2 + 18*l - 107. Give s(6).
1
Let p(l) = -l**2 + 484*l - 7949. Determine p(17).
-10
Let p(i) = -i**3 - 4*i**2 - 28*i - 89. Give p(-4).
23
Let g(m) = -4*m**3 + 69*m**2 - 14*m - 38. Determine g(17).
13
Let j(m) = 3*m**2 - 487*m + 3245. What is j(7)?
-17
Let r(q) = 131*q - 1044. Calculate r(8).
4
Let o(h) = -h**3 + 8*h**2 + 179*h - 17. What is o(-10)?
-7
Let m(k) = k - 63. What is m(0)?
-63
Let c(o) = 318*o + 2553. What is c(-8)?
9
Let h(r) = -2*r**2 - 17*r + 214. Give h(-19).
-185
Let d(s) = -s**3 + 13*s**2 + 2*s + 1. Calculate d(13).
27
Let m(z) = -4650*z - 153444. Determine m(-33).
6
Let l(g) = 6*g**2 + 21*g - 16. Determine l(-10).
374
Let q(v) = 560*v + 5509. Give q(-10).
-91
Let v(q) = 227*q + 1573. Determine v(-7).
-16
Let l(m) = -m**3 + 16*m**2 - 50*m + 51. What is l(13)?
-92
Let o(x) = 338*x**2 - 5. Calculate o(0).
-5
Let j(l) = 22*l - 2334. Determine j(107).
20
Let u(k) = 3*k**2 + 9*k - 370. Determine u(0).
-370
Let u(m) = -m**3 + 11*m**2 - 41*m + 1521. Give u(15).
6
Let r(z) = -2*z**2 + 225*z - 2331. Calculate r(101).
-8
Let f(o) = -o**3 + 21*o**2 - 20*o. What is f(20)?
0
Let m(t) = t**2 - 161*t + 5770. Calculate m(107).
-8
Let c(k) = k**2 - 181*k - 5376. Determine c(-26).
6
Let f(k) = -k**2 - 1627*k - 16183. Determine f(-10).
-13
Let l(y) = -6*y - 5. Calculate l(9).
-59
Let i(c) = -2*c**3 + 245*c**2 - 121*c + 16. Give i(122).
138
Let w(m) = -5*m**2 + 60*m + 123. Determine w(15).
-102
Let w(i) = 8*i + 37. Calculate w(11).
125
Let b(z) = -z**3 - 4*z**2 + 80*z + 29. Give b(-11).
-4
Let l(g) = -22*g**3 - 2*g**2 - 9*g - 1. Give l(-2).
185
Let g(f) = -40*f + 4465. Calculate g(110).
65
Let y(r) = r**3 - 29*r**2 + 39*r + 453. Determine y(27).
48
Let s(y) = -5*y**2 - 408*y - 1404. What is s(-78)?
0
Let b(v) = -v**3 + 28*v**2 - 77*v - 3. Determine b(25).
-53
Let s(t) = -t**3 - 47*t**2 + 35*t - 3090. Give s(-49).
-3
Let a(x) = -17*x + 432. What is a(28)?
-44
Let c(s) = 207*s + 1020. Determine c(-5).
-15
Let i(k) = -2*k**2 - 165*k + 580. Determine i(-86).
-22
Let o(z) = -4073*z - 8153. What is o(-2)?
-7
Let y(d) = 6*d**2 - 6*d + 10. Calculate y(2).
22
Let s(u) = 5*u**2 - 6*u - 19. What is s(6)?
125
Let z(s) = -304*s + 29795. Determine z(98).
3
Let b(s) = -3657*s - 25562. What is b(-7)?
37
Let l(n) = -6*n**2 + 38*n - 3. Determine l(6).
9
Let a(x) = 3938*x - 55117. What is a(14)?
15
Let p(u) = -42*u + 617. Determine p(15).
-13
Let k(o) = 43*o - 2823. What is k(68)?
101
Let v(m) = -40*m**2 - 3186*m + 1117. Calculate v(-80).
-3
Let v(w) = -28*w + 1739. Give v(62).
3
Let s(n) = -n**3 + 25*n**2 + 311*n - 190. Determine s(34).
-20
Let r(y) = -249*y + 249. What is r(1)?
0
Let s(b) = 1061*b**2 + 13794*b + 9. Give s(-13).
-4
Let p(o) = 7*o**3 - 215*o**2 - 62*o + 93. Determine p(31).
93
Let y(c) = 4*c**2 + 193*c - 121. Calculate y(-49).
26
Let c(o) = 481*o**2 - 15874*o + 21. Determine c(33).
-12
Let c(f) = 2*f**3 - 9*f**2 + 7*f - 37. Determine c(4).
-25
Let t(z) = 67*z - 12346. Determine t(184).
-18
Let p(c) = -40*c + 32. Give p(5).
-168
Let r(k) = 151*k**2 + 814*k + 815. What is r(-1)?
152
Let d(j) = -j**3 + 47*j**2 + 50*j - 100. Calculate d(48).
-4
Let j(a) = -6*a**3 - 397*a**2 - 68*a - 128. Determine j(-66).
4
Let l(o) = -123*o - 2457. What is l(-20)?
3
Let z(v) = 4*v**2 - 111*v + 901. What is z(10)?
191
Let a(w) = w**3 + 12*w**2 - 58*w + 28. Calculate a(-16).
-68
Let w(l) = 14*l**2 - 330*l + 654. What is w(2)?
50
Let m(v) = 56*v + 278. What is m(-6)?
-58
Let m(x) = x**3 - 45*x**2 - 124*x + 3565. What is m(46)?
-23
Let d(a) = -9042*a - 126589. Give d(-14).
-1
Let p(t) = -t**3 + 8*t**2 - 23*t + 49. Give p(5).
9
Let i(n) = 1245*n + 14934. Determine i(-12).
-6
Let n(p) = p**3 - 9*p**2 + 6*p + 21. What is n(8)?
5
Let x(n) = 50*n + 104. What is x(-3)?
-46
Let w(l) = -l**3 + 21*l**2 + 168*l - 3528. Calculate w(21).
0
Let s(m) = -616*m**3 - 5*m**2 - 23*m - 19. Give s(-1).
615
Let g(k) = -k**2 + 254*k + 1038. Determine g(-4).
6
Let s(m) = 668*m + 169665. Give s(-254).
-7
Let c(r) = 11*r**2 + 41*r + 85. What is c(-2)?
47
Let w(k) = k**2 + 112*k + 3015. Determine w(-45).
0
Let z(g) = 6*g**2 - 42*g - 41. Give z(8).
7
Let h(r) = -r**3 - 3*r**2 + 119*r - 106. Determine h(9).
-7
Let r(n) = 82*n - 15. Calculate r(1).
67
Let k(d) = -d**2 - 67*d + 1063. Give k(-79).
115
Let p(t) = 21*t - 149. Determine p(8).
19
Let y(d) = d**3 - 15*d**2 - 27*d + 260. What is y(16)?
84
Let l(f) = -7*f**2 + 6*f - 31. Determine l(3).
-76
Let x(a) = 13*a**3 + 3*a**2 - 7*a - 9. Determine x(-1).
-12
Let s(o) = -o**2 + 1268*o + 63. Give s(0).
63
Let o(t) = -139*t - 5571. What is o(-40)?
-11
Let l(q) = -104*q - 5. Determine l(0).
-5
Let t(v) = v**2 + 51*v - 7. Calculate t(10).
603
Let l(j) = 26*j - 1437. Determine l(55).
-7
Let x(d) = -3*d**3 - 49*d**2 + 79*d + 10. Determine x(-18).
208
Let m(p) = -58*p**3 + p - 6. What is m(2)?
-468
Let c(m) = 501*m - 2556. Give c(5).
-51
Let l(w) = -119*w - 1221. Determine l(-10).
-31
Let f(v) = -v**3 + 5*v**2 + 6*v + 13. What is f(-3)?
67
Let z(m) = -m**3 - 3*m**2 + 2*m - 42. Determine z(-7).
140
Let h(v) = -v**3 - 11*v**2 + 29*v + 44. Determine h(-13).
5
Let q(s) = -s**2 - 64*s - 667. What is q(-28)?
341
Let s(c) = 22*c + 3134. Calculate s(-141).
32
Let y(j) = -244*j + 186. What is y(3)?
-546
Let l(q) = 211*q + 4. Give l(1).
215
Let v(q) = -9*q + 115. Give v(-3).
142
Let r(c) = -539*c + 76540. Determine r(142).
2
Let m(g) = g**3 + g**2 - 2*g + 75. What is m(-5)?
-15
Let q(m) = 2*m**3 - m**2 - 3*m - 290. What is q(0)?
-290
Let n(s) = 32*s**2 - 57*s - 126. Determine n(-2).
116
Let d(y) = y**3 - 60*y**2 - 65*y + 1. Calculate d(61).
-243
Let i(v) = -803*v**2 - 2*v + 4. What is i(0)?
4
Le